{"id":4897,"date":"2023-07-25T11:56:52","date_gmt":"2023-07-25T11:56:52","guid":{"rendered":"https:\/\/www.madroconstruccions.com\/?page_id=4897"},"modified":"2025-04-08T16:34:43","modified_gmt":"2025-04-08T16:34:43","slug":"qui-som","status":"publish","type":"page","link":"https:\/\/www.madroconstruccions.com\/?page_id=4897","title":{"rendered":"Qui som"},"content":{"rendered":"<div class=\"wpb-content-wrapper\"><p>[vc_section][vc_row][vc_column width=&#8221;1\/2&#8243;]<div  class=\"wpb_content_element   clearfix\"><style type=\"text\/css\">#ut_am_69dff3be3d01f { opacity: 1; }#ut_am_wrap_69dff3be3d020 .ut-image-gallery-item-caption-title h3 { letter-spacing: 0em; }#ut_am_wrap_69dff3be3d020 .ut-gallery-slider-caption { font-weight: bold; }#ut_am_wrap_69dff3be3d020 { text-align: center; }@media (min-width: 768px) and (max-width: 1024px) { #ut_am_wrap_69dff3be3d020 { text-align: center !important; } }@media (max-width: 767px) { #ut_am_wrap_69dff3be3d020 { text-align: center !important; } }<\/style><div id=\"ut_am_wrap_69dff3be3d020\" class=\"ut-image-gallery-image \"><div id=\"ut_reveal_69dff3be3d022\"  data-appear-top-offset=\"auto\" class=\"ut-animated-image-item ut-image-gallery-item ut-animation-done \"><a class=\"ut-deactivated-link\" href=\"#\"><div class=\"ut-animated-image-zoom\"><img loading=\"lazy\" decoding=\"async\" class=\"ut-lazy skip-lazy ut-animated-image \"  id=\"ut_am_69dff3be3d01f\" src=\"data:image\/svg+xml;charset=utf-8,%3Csvg xmlns%3D'http%3A%2F%2Fwww.w3.org%2F2000%2Fsvg' viewBox%3D'0 0 650 433'%2F%3E\" data-src=\"https:\/\/www.madroconstruccions.com\/wp-content\/uploads\/2023\/07\/logotip-madro-construccions-03-650x433.png\" width=\"650\" height=\"433\" alt=\"\"\/><\/div><\/a><\/div><\/div><\/div>[vc_column_text]Va comen\u00e7ar el desembre de 1984 amb Josep M\u00aa Hern\u00e1ndez Canals a Sant Feliu de Codines, i va seguir el seu fill a la mateixa empresa des de l\u2019any 2003.<br \/>\nA partir de l\u2019any 2017, comen\u00e7a a treballar d\u2019aut\u00f2nom i forma la seva pr\u00f2pia empresa a nom de Jordi Hern\u00e1ndez Vilanova \u2013<strong> MADRO <\/strong><strong>CONSTRUCCIONS<\/strong>.[\/vc_column_text][\/vc_column][vc_column width=&#8221;1\/2&#8243;]<div  class=\"wpb_content_element   clearfix\"><style type=\"text\/css\">#ut_am_69dff3be3d67b { opacity: 1; }#ut_am_wrap_69dff3be3d67c .ut-image-gallery-item-caption-title h3 { letter-spacing: 0em; }#ut_am_wrap_69dff3be3d67c .ut-gallery-slider-caption { font-weight: bold; }#ut_am_wrap_69dff3be3d67c { text-align: center; }@media (min-width: 768px) and (max-width: 1024px) { #ut_am_wrap_69dff3be3d67c { text-align: center !important; } }@media (max-width: 767px) { #ut_am_wrap_69dff3be3d67c { text-align: center !important; } }<\/style><div id=\"ut_am_wrap_69dff3be3d67c\" class=\"ut-image-gallery-image \"><div id=\"ut_reveal_69dff3be3d67d\"  data-appear-top-offset=\"auto\" class=\"ut-animated-image-item ut-image-gallery-item ut-animation-done \"><a class=\"ut-deactivated-link\" href=\"#\"><div class=\"ut-animated-image-zoom\"><img loading=\"lazy\" decoding=\"async\" class=\"ut-lazy skip-lazy ut-animated-image \"  id=\"ut_am_69dff3be3d67b\" src=\"data:image\/svg+xml;charset=utf-8,%3Csvg xmlns%3D'http%3A%2F%2Fwww.w3.org%2F2000%2Fsvg' viewBox%3D'0 0 764 800'%2F%3E\" data-src=\"https:\/\/www.madroconstruccions.com\/wp-content\/uploads\/2023\/07\/furgoneta_feina-.jpg\" width=\"764\" height=\"800\" alt=\"\"\/><\/div><\/a><\/div><\/div><\/div>[\/vc_column][\/vc_row][\/vc_section][vc_section content_placement=&#8221;middle&#8221; css=&#8221;.vc_custom_1690369729138{padding-top: 45px !important;padding-bottom: 10px !important;background-color: #e85730 !important;}&#8221;][vc_row full_width=&#8221;&#8221;][vc_column width=&#8221;1\/2&#8243;][vc_column_text]<\/p>\n<h1 style=\"color: white; font-size: 40px; font-weight: 900; text-align: center;\">Tens alg\u00fan projecte?<\/h1>\n<p>[\/vc_column_text][\/vc_column][vc_column width=&#8221;1\/2&#8243;]<style type=\"text\/css\">#bklyn_btn_69dff3be3d719 .bklyn-btn { color:#ffffff !important; border-color:#ffffff !important; border-width:3px !important; }#bklyn_btn_69dff3be3d719 .bklyn-btn:hover{ color:#ffffff !important; border-color:#000000 !important; background-color:#000000 !important; }#bklyn_btn_69dff3be3d719 .bklyn-btn:focus{ color:#ffffff !important; border-color:#000000 !important; background-color:#000000 !important; }#bklyn_btn_69dff3be3d719 .bklyn-btn:active { color:#ffffff !important; border-color:#000000 !important; background-color:#000000 !important; }#bklyn_btn_69dff3be3d719 a.bklyn-btn { font-weight:bold !important; }#bklyn_btn_69dff3be3d719.bklyn-btn-header a.bklyn-btn { font-weight:bold !important; }#bklyn_btn_69dff3be3d719.bklyn-btn-header a.bklyn-btn span { font-weight:bold !important; }#bklyn_btn_69dff3be3d719 a.bklyn-btn { font-family:inherit !important; }<\/style><div id=\"bklyn_btn_69dff3be3d719\" class=\"bklyn-btn-holder  bklyn-btn-center bklyn-btn-tablet-center bklyn-btn-mobile-center\"><a title=\"\"   href=\"#\" target=\"_self\" class=\"bklyn-btn  bklyn-btn-outline bklyn-btn-normal\" ><span class=\"ut-btn-text\">Contactar<\/span><\/a><\/div>[\/vc_column][\/vc_row][\/vc_section]<\/p>\n<\/div>","protected":false},"excerpt":{"rendered":"<p>[vc_section][vc_row][vc_column width=&#8221;1\/2&#8243;][vc_column_text]Va comen\u00e7ar el desembre de 1984 amb Josep M\u00aa Hern\u00e1ndez Canals a Sant Feliu de Codines, i va seguir el seu fill a la mateixa empresa des de l\u2019any 2003. A partir de l\u2019any 2017, comen\u00e7a a treballar d\u2019aut\u00f2nom i forma la seva pr\u00f2pia empresa a nom de Jordi Hern\u00e1ndez Vilanova \u2013 MADRO CONSTRUCCIONS.[\/vc_column_text][\/vc_column][vc_column [&hellip;]<\/p>\n","protected":false},"author":1,"featured_media":0,"parent":0,"menu_order":0,"comment_status":"closed","ping_status":"closed","template":"","meta":{"footnotes":""},"class_list":["post-4897","page","type-page","status-publish","hentry"],"yoast_head":"<!-- This site is optimized with the Yoast SEO plugin v27.4 - https:\/\/yoast.com\/product\/yoast-seo-wordpress\/ -->\n<title>Qui som - Madr\u00f3 Construccions<\/title>\n<meta name=\"description\" content=\"Va comen\u00e7ar el desembre de 1984 amb Josep M\u00aa Hern\u00e1ndez Canals a Sant Feliu de Codines, i va seguir el seu fill a la mateixa empresa des de l\u2019any 2003.\" \/>\n<meta name=\"robots\" content=\"index, follow, max-snippet:-1, max-image-preview:large, max-video-preview:-1\" \/>\n<link rel=\"canonical\" href=\"https:\/\/www.madroconstruccions.com\/?page_id=4897\" \/>\n<meta property=\"og:locale\" content=\"ca_ES\" \/>\n<meta property=\"og:type\" content=\"article\" \/>\n<meta property=\"og:title\" content=\"Qui som - Madr\u00f3 Construccions\" \/>\n<meta property=\"og:description\" content=\"Va comen\u00e7ar el desembre de 1984 amb Josep M\u00aa Hern\u00e1ndez Canals a Sant Feliu de Codines, i va seguir el seu fill a la mateixa empresa des de l\u2019any 2003.\" \/>\n<meta property=\"og:url\" content=\"https:\/\/www.madroconstruccions.com\/?page_id=4897\" \/>\n<meta property=\"og:site_name\" content=\"Madr\u00f3 Construccions\" \/>\n<meta property=\"article:modified_time\" content=\"2025-04-08T16:34:43+00:00\" \/>\n<meta name=\"twitter:card\" content=\"summary_large_image\" \/>\n<meta name=\"twitter:label1\" content=\"Temps estimat de lectura\" \/>\n\t<meta name=\"twitter:data1\" content=\"2 minuts\" \/>\n<script type=\"application\/ld+json\" class=\"yoast-schema-graph\">{\"@context\":\"https:\\\/\\\/schema.org\",\"@graph\":[{\"@type\":\"WebPage\",\"@id\":\"https:\\\/\\\/www.madroconstruccions.com\\\/?page_id=4897\",\"url\":\"https:\\\/\\\/www.madroconstruccions.com\\\/?page_id=4897\",\"name\":\"Qui som - Madr\u00f3 Construccions\",\"isPartOf\":{\"@id\":\"https:\\\/\\\/www.madroconstruccions.com\\\/#website\"},\"datePublished\":\"2023-07-25T11:56:52+00:00\",\"dateModified\":\"2025-04-08T16:34:43+00:00\",\"description\":\"Va comen\u00e7ar el desembre de 1984 amb Josep M\u00aa Hern\u00e1ndez Canals a Sant Feliu de Codines, i va seguir el seu fill a la mateixa empresa des de l\u2019any 2003.\",\"breadcrumb\":{\"@id\":\"https:\\\/\\\/www.madroconstruccions.com\\\/?page_id=4897#breadcrumb\"},\"inLanguage\":\"ca\",\"potentialAction\":[{\"@type\":\"ReadAction\",\"target\":[\"https:\\\/\\\/www.madroconstruccions.com\\\/?page_id=4897\"]}]},{\"@type\":\"BreadcrumbList\",\"@id\":\"https:\\\/\\\/www.madroconstruccions.com\\\/?page_id=4897#breadcrumb\",\"itemListElement\":[{\"@type\":\"ListItem\",\"position\":1,\"name\":\"Portada\",\"item\":\"https:\\\/\\\/www.madroconstruccions.com\\\/\"},{\"@type\":\"ListItem\",\"position\":2,\"name\":\"Qui som\"}]},{\"@type\":\"WebSite\",\"@id\":\"https:\\\/\\\/www.madroconstruccions.com\\\/#website\",\"url\":\"https:\\\/\\\/www.madroconstruccions.com\\\/\",\"name\":\"Madr\u00f3 Construccions\",\"description\":\"Construccio Sant Feliu de Codines\",\"publisher\":{\"@id\":\"https:\\\/\\\/www.madroconstruccions.com\\\/#organization\"},\"potentialAction\":[{\"@type\":\"SearchAction\",\"target\":{\"@type\":\"EntryPoint\",\"urlTemplate\":\"https:\\\/\\\/www.madroconstruccions.com\\\/?s={search_term_string}\"},\"query-input\":{\"@type\":\"PropertyValueSpecification\",\"valueRequired\":true,\"valueName\":\"search_term_string\"}}],\"inLanguage\":\"ca\"},{\"@type\":\"Organization\",\"@id\":\"https:\\\/\\\/www.madroconstruccions.com\\\/#organization\",\"name\":\"Madr\u00f3 Construccions\",\"url\":\"https:\\\/\\\/www.madroconstruccions.com\\\/\",\"logo\":{\"@type\":\"ImageObject\",\"inLanguage\":\"ca\",\"@id\":\"https:\\\/\\\/www.madroconstruccions.com\\\/#\\\/schema\\\/logo\\\/image\\\/\",\"url\":\"https:\\\/\\\/www.madroconstruccions.com\\\/wp-content\\\/uploads\\\/2023\\\/07\\\/logotip-madro-construccions-03.png\",\"contentUrl\":\"https:\\\/\\\/www.madroconstruccions.com\\\/wp-content\\\/uploads\\\/2023\\\/07\\\/logotip-madro-construccions-03.png\",\"width\":2509,\"height\":2201,\"caption\":\"Madr\u00f3 Construccions\"},\"image\":{\"@id\":\"https:\\\/\\\/www.madroconstruccions.com\\\/#\\\/schema\\\/logo\\\/image\\\/\"}}]}<\/script>\n<!-- \/ Yoast SEO plugin. -->","yoast_head_json":{"title":"Qui som - Madr\u00f3 Construccions","description":"Va comen\u00e7ar el desembre de 1984 amb Josep M\u00aa Hern\u00e1ndez Canals a Sant Feliu de Codines, i va seguir el seu fill a la mateixa empresa des de l\u2019any 2003.","robots":{"index":"index","follow":"follow","max-snippet":"max-snippet:-1","max-image-preview":"max-image-preview:large","max-video-preview":"max-video-preview:-1"},"canonical":"https:\/\/www.madroconstruccions.com\/?page_id=4897","og_locale":"ca_ES","og_type":"article","og_title":"Qui som - Madr\u00f3 Construccions","og_description":"Va comen\u00e7ar el desembre de 1984 amb Josep M\u00aa Hern\u00e1ndez Canals a Sant Feliu de Codines, i va seguir el seu fill a la mateixa empresa des de l\u2019any 2003.","og_url":"https:\/\/www.madroconstruccions.com\/?page_id=4897","og_site_name":"Madr\u00f3 Construccions","article_modified_time":"2025-04-08T16:34:43+00:00","twitter_card":"summary_large_image","twitter_misc":{"Temps estimat de lectura":"2 minuts"},"schema":{"@context":"https:\/\/schema.org","@graph":[{"@type":"WebPage","@id":"https:\/\/www.madroconstruccions.com\/?page_id=4897","url":"https:\/\/www.madroconstruccions.com\/?page_id=4897","name":"Qui som - Madr\u00f3 Construccions","isPartOf":{"@id":"https:\/\/www.madroconstruccions.com\/#website"},"datePublished":"2023-07-25T11:56:52+00:00","dateModified":"2025-04-08T16:34:43+00:00","description":"Va comen\u00e7ar el desembre de 1984 amb Josep M\u00aa Hern\u00e1ndez Canals a Sant Feliu de Codines, i va seguir el seu fill a la mateixa empresa des de l\u2019any 2003.","breadcrumb":{"@id":"https:\/\/www.madroconstruccions.com\/?page_id=4897#breadcrumb"},"inLanguage":"ca","potentialAction":[{"@type":"ReadAction","target":["https:\/\/www.madroconstruccions.com\/?page_id=4897"]}]},{"@type":"BreadcrumbList","@id":"https:\/\/www.madroconstruccions.com\/?page_id=4897#breadcrumb","itemListElement":[{"@type":"ListItem","position":1,"name":"Portada","item":"https:\/\/www.madroconstruccions.com\/"},{"@type":"ListItem","position":2,"name":"Qui som"}]},{"@type":"WebSite","@id":"https:\/\/www.madroconstruccions.com\/#website","url":"https:\/\/www.madroconstruccions.com\/","name":"Madr\u00f3 Construccions","description":"Construccio Sant Feliu de Codines","publisher":{"@id":"https:\/\/www.madroconstruccions.com\/#organization"},"potentialAction":[{"@type":"SearchAction","target":{"@type":"EntryPoint","urlTemplate":"https:\/\/www.madroconstruccions.com\/?s={search_term_string}"},"query-input":{"@type":"PropertyValueSpecification","valueRequired":true,"valueName":"search_term_string"}}],"inLanguage":"ca"},{"@type":"Organization","@id":"https:\/\/www.madroconstruccions.com\/#organization","name":"Madr\u00f3 Construccions","url":"https:\/\/www.madroconstruccions.com\/","logo":{"@type":"ImageObject","inLanguage":"ca","@id":"https:\/\/www.madroconstruccions.com\/#\/schema\/logo\/image\/","url":"https:\/\/www.madroconstruccions.com\/wp-content\/uploads\/2023\/07\/logotip-madro-construccions-03.png","contentUrl":"https:\/\/www.madroconstruccions.com\/wp-content\/uploads\/2023\/07\/logotip-madro-construccions-03.png","width":2509,"height":2201,"caption":"Madr\u00f3 Construccions"},"image":{"@id":"https:\/\/www.madroconstruccions.com\/#\/schema\/logo\/image\/"}}]}},"_links":{"self":[{"href":"https:\/\/www.madroconstruccions.com\/index.php?rest_route=\/wp\/v2\/pages\/4897","targetHints":{"allow":["GET"]}}],"collection":[{"href":"https:\/\/www.madroconstruccions.com\/index.php?rest_route=\/wp\/v2\/pages"}],"about":[{"href":"https:\/\/www.madroconstruccions.com\/index.php?rest_route=\/wp\/v2\/types\/page"}],"author":[{"embeddable":true,"href":"https:\/\/www.madroconstruccions.com\/index.php?rest_route=\/wp\/v2\/users\/1"}],"replies":[{"embeddable":true,"href":"https:\/\/www.madroconstruccions.com\/index.php?rest_route=%2Fwp%2Fv2%2Fcomments&post=4897"}],"version-history":[{"count":28,"href":"https:\/\/www.madroconstruccions.com\/index.php?rest_route=\/wp\/v2\/pages\/4897\/revisions"}],"predecessor-version":[{"id":7836,"href":"https:\/\/www.madroconstruccions.com\/index.php?rest_route=\/wp\/v2\/pages\/4897\/revisions\/7836"}],"wp:attachment":[{"href":"https:\/\/www.madroconstruccions.com\/index.php?rest_route=%2Fwp%2Fv2%2Fmedia&parent=4897"}],"curies":[{"name":"wp","href":"https:\/\/api.w.org\/{rel}","templated":true}]}}