{"id":4973,"date":"2023-07-27T11:12:05","date_gmt":"2023-07-27T11:12:05","guid":{"rendered":"https:\/\/www.madroconstruccions.com\/?page_id=4973"},"modified":"2025-04-08T16:37:45","modified_gmt":"2025-04-08T16:37:45","slug":"serveis","status":"publish","type":"page","link":"https:\/\/www.madroconstruccions.com\/?page_id=4973","title":{"rendered":"Serveis"},"content":{"rendered":"<div class=\"wpb-content-wrapper\"><p>[vc_section full_width=&#8221;stretch_row_content&#8221; css=&#8221;.vc_custom_1690648895171{margin-top: 0px !important;margin-right: 0px !important;margin-bottom: 0px !important;margin-left: 0px !important;padding-top: 0px !important;padding-right: 0px !important;padding-bottom: 0px !important;padding-left: 0px !important;background-image: url(https:\/\/www.madroconstruccions.com\/wp-content\/uploads\/2023\/07\/serveis2.jpg?id=4959) !important;background-position: center !important;background-repeat: no-repeat !important;background-size: cover !important;}&#8221;][vc_row full_width=&#8221;stretch_row_content_no_spaces&#8221; css=&#8221;.vc_custom_1690648111974{padding-top: 300px !important;padding-bottom: 300px !important;}&#8221;][vc_column]<style type=\"text\/css\">#ut_custom_heading69dfdc8c9d701 { color:#ffffff; }#ut_custom_heading69dfdc8c9d701 { font-size:80px !important; }#ut_custom_heading69dfdc8c9d701 { font-weight:bolder; }#ut_custom_heading69dfdc8c9d701 { text-align:center; }@media (min-width: 768px) and (max-width: 1024px) { #ut_custom_heading69dfdc8c9d701 { text-align:center; } }@media (max-width: 767px) { #ut_custom_heading69dfdc8c9d701 { text-align:center; } }<\/style><h1 id=\"ut_custom_heading69dfdc8c9d701\" data-responsive-font=\"h1\" data-responsive-font-settings=\"{&quot;base-font-size&quot;:&quot;80&quot;,&quot;font-size-unit&quot;:&quot;px&quot;,&quot;font-size&quot;:{&quot;desktop_large&quot;:&quot;80&quot;},&quot;base-line-height&quot;:&quot;global&quot;,&quot;base-letter-spacing&quot;:&quot;global&quot;}\" class=\"ut-custom-heading-module  \" ><span class=\"\" >Serveis<\/span><\/h1>[\/vc_column][\/vc_row][\/vc_section][vc_section][vc_row][vc_column][vc_empty_space][\/vc_column][\/vc_row][\/vc_section][vc_section][vc_row equal_height=&#8221;yes&#8221;][vc_column width=&#8221;1\/3&#8243;]<div class=\"wpb_content_element \"><style type=\"text\/css\">#ut_header_69dfdc8ca329b h2.section-title { font-size:42px !important; }<\/style><header id=\"ut_header_69dfdc8ca329b\" class=\"section-header  ut-no-title-linebreak-mobile ut-no-lead-linebreak-mobile pt-style-2 header-center header-tablet-center header-mobile-center\"><h2 data-title=\"Obra nova\"  data-responsive-font=\"section_title\" data-responsive-font-settings=\"{&quot;base-font-size&quot;:&quot;global&quot;,&quot;font-size&quot;:{&quot;desktop_large&quot;:&quot;42&quot;},&quot;base-line-height&quot;:&quot;global&quot;,&quot;base-letter-spacing&quot;:&quot;global&quot;}\" class=\"section-title  \"><span>Obra nova<\/span><\/h2><div data-delay=\"0\" class=\"lead \"><p>Construcci\u00f3 d\u2019obra nova residencial, des de la redacci\u00f3 del projecte fins a totes les fases de construcci\u00f3. Estem a Sant Feliu de Codines per\u00f2 treballem en tota la prov\u00edncia de Girona i Barcelona.<\/p>\n<\/div><\/header><\/div>[\/vc_column][vc_column width=&#8221;1\/3&#8243;]<div class=\"wpb_content_element \"><style type=\"text\/css\">#ut_header_69dfdc8ca43c4 h2.section-title { font-size:42px !important; }<\/style><header id=\"ut_header_69dfdc8ca43c4\" class=\"section-header  ut-no-title-linebreak-mobile ut-no-lead-linebreak-mobile pt-style-2 header-center header-tablet-center header-mobile-center\"><h2 data-title=\"Reformes de vivendes\"  data-responsive-font=\"section_title\" data-responsive-font-settings=\"{&quot;base-font-size&quot;:&quot;global&quot;,&quot;font-size&quot;:{&quot;desktop_large&quot;:&quot;42&quot;},&quot;base-line-height&quot;:&quot;global&quot;,&quot;base-letter-spacing&quot;:&quot;global&quot;}\" class=\"section-title  \"><span>Reformes de vivendes<\/span><\/h2><div data-delay=\"0\" class=\"lead \"><p>Realitzem tot tipus de reformes integrals per la teva llar<\/p>\n<\/div><\/header><\/div>[\/vc_column][vc_column width=&#8221;1\/3&#8243;]<div class=\"wpb_content_element \"><style type=\"text\/css\">#ut_header_69dfdc8ca5565 h2.section-title { font-size:42px !important; }<\/style><header id=\"ut_header_69dfdc8ca5565\" class=\"section-header  ut-no-title-linebreak-mobile ut-no-lead-linebreak-mobile pt-style-2 header-center header-tablet-center header-mobile-center\"><h2 data-title=\"Manteniment de comunitats\"  data-responsive-font=\"section_title\" data-responsive-font-settings=\"{&quot;base-font-size&quot;:&quot;global&quot;,&quot;font-size&quot;:{&quot;desktop_large&quot;:&quot;42&quot;},&quot;base-line-height&quot;:&quot;global&quot;,&quot;base-letter-spacing&quot;:&quot;global&quot;}\" class=\"section-title  \"><span>Manteniment de comunitats<\/span><\/h2><div data-delay=\"0\" class=\"lead \"><p>Ens encarreguem del manteniment de totes les \u00e0rees comuns de la seva comunitat de propietaris de ve\u00efns<\/p>\n<\/div><\/header><\/div>[\/vc_column][\/vc_row][\/vc_section][vc_section][vc_row equal_height=&#8221;yes&#8221;][vc_column width=&#8221;1\/3&#8243;]<div class=\"wpb_content_element \"><style type=\"text\/css\">#ut_header_69dfdc8ca6689 h2.section-title { font-size:42px !important; }<\/style><header id=\"ut_header_69dfdc8ca6689\" class=\"section-header  ut-no-title-linebreak-mobile ut-no-lead-linebreak-mobile pt-style-2 header-center header-tablet-center header-mobile-center\"><h2 data-title=\"Dessembussar desaig\u00fces\"  data-responsive-font=\"section_title\" data-responsive-font-settings=\"{&quot;base-font-size&quot;:&quot;global&quot;,&quot;font-size&quot;:{&quot;desktop_large&quot;:&quot;42&quot;},&quot;base-line-height&quot;:&quot;global&quot;,&quot;base-letter-spacing&quot;:&quot;global&quot;}\" class=\"section-title  \"><span>Dessembussar desaig\u00fces<\/span><\/h2><div data-delay=\"0\" class=\"lead \"><p>Amb els nostres equips de neteja a alta i m\u00e0xima pressi\u00f3, realitzem el desembossament de les canonades, mitjan\u00e7ant m\u00e0negues d&#8217;aigua a pressi\u00f3<\/p>\n<\/div><\/header><\/div>[\/vc_column][vc_column width=&#8221;1\/3&#8243;]<div class=\"wpb_content_element \"><style type=\"text\/css\">#ut_header_69dfdc8ca7792 h2.section-title { font-size:42px !important; }<\/style><header id=\"ut_header_69dfdc8ca7792\" class=\"section-header  ut-no-title-linebreak-mobile ut-no-lead-linebreak-mobile pt-style-2 header-center header-tablet-center header-mobile-center\"><h2 data-title=\"Banys\"  data-responsive-font=\"section_title\" data-responsive-font-settings=\"{&quot;base-font-size&quot;:&quot;global&quot;,&quot;font-size&quot;:{&quot;desktop_large&quot;:&quot;42&quot;},&quot;base-line-height&quot;:&quot;global&quot;,&quot;base-letter-spacing&quot;:&quot;global&quot;}\" class=\"section-title  \"><span>Banys<\/span><\/h2><div data-delay=\"0\" class=\"lead \"><p>Reformes completes de banys. Realitzem reformes de banys en molt poc temps i cuidant el m\u00e0xim els detalls de l&#8217;execuci\u00f3, neteja i un tracte personalitzat <\/p>\n<\/div><\/header><\/div>[\/vc_column][vc_column width=&#8221;1\/3&#8243;]<div class=\"wpb_content_element \"><style type=\"text\/css\">#ut_header_69dfdc8ca899a h2.section-title { font-size:42px !important; }<\/style><header id=\"ut_header_69dfdc8ca899a\" class=\"section-header  ut-no-title-linebreak-mobile ut-no-lead-linebreak-mobile pt-style-2 header-center header-tablet-center header-mobile-center\"><h2 data-title=\"Cuines\"  data-responsive-font=\"section_title\" data-responsive-font-settings=\"{&quot;base-font-size&quot;:&quot;global&quot;,&quot;font-size&quot;:{&quot;desktop_large&quot;:&quot;42&quot;},&quot;base-line-height&quot;:&quot;global&quot;,&quot;base-letter-spacing&quot;:&quot;global&quot;}\" class=\"section-title  \"><span>Cuines<\/span><\/h2><div data-delay=\"0\" class=\"lead \"><p>Iniciar la reforma d&#8217;una cuina, comporta molts dubtes i interrogants, per\u00f2 els nostres professionals intentaran copsar quines s\u00f3n les teves necessitats<\/p>\n<\/div><\/header><\/div>[\/vc_column][\/vc_row][\/vc_section][vc_section][vc_row][vc_column][vc_empty_space][\/vc_column][\/vc_row][\/vc_section][vc_section content_placement=&#8221;middle&#8221; css=&#8221;.vc_custom_1690369729138{padding-top: 45px !important;padding-bottom: 10px !important;background-color: #e85730 !important;}&#8221;][vc_row full_width=&#8221;&#8221;][vc_column width=&#8221;1\/2&#8243;][vc_column_text]<\/p>\n<h1 style=\"color: white; font-size: 40px; font-weight: 900; text-align: center;\">Demana&#8217;ns pressupost<\/h1>\n<p>[\/vc_column_text][\/vc_column][vc_column width=&#8221;1\/2&#8243;][vc_column_text]<\/p>\n<h1 style=\"color: white; font-size: 40px; font-weight: 900; text-align: center;\">+34 615 044 413?<\/h1>\n<p>[\/vc_column_text][\/vc_column][\/vc_row][\/vc_section]<\/p>\n<\/div>","protected":false},"excerpt":{"rendered":"<p>[vc_section full_width=&#8221;stretch_row_content&#8221; css=&#8221;.vc_custom_1690648895171{margin-top: 0px !important;margin-right: 0px !important;margin-bottom: 0px !important;margin-left: 0px !important;padding-top: 0px !important;padding-right: 0px !important;padding-bottom: 0px !important;padding-left: 0px !important;background-image: url(https:\/\/www.madroconstruccions.com\/wp-content\/uploads\/2023\/07\/serveis2.jpg?id=4959) !important;background-position: center !important;background-repeat: no-repeat !important;background-size: cover !important;}&#8221;][vc_row full_width=&#8221;stretch_row_content_no_spaces&#8221; css=&#8221;.vc_custom_1690648111974{padding-top: 300px !important;padding-bottom: 300px !important;}&#8221;][vc_column][\/vc_column][\/vc_row][\/vc_section][vc_section][vc_row][vc_column][vc_empty_space][\/vc_column][\/vc_row][\/vc_section][vc_section][vc_row equal_height=&#8221;yes&#8221;][vc_column width=&#8221;1\/3&#8243;][\/vc_column][vc_column width=&#8221;1\/3&#8243;][\/vc_column][vc_column width=&#8221;1\/3&#8243;][\/vc_column][\/vc_row][\/vc_section][vc_section][vc_row equal_height=&#8221;yes&#8221;][vc_column width=&#8221;1\/3&#8243;][\/vc_column][vc_column width=&#8221;1\/3&#8243;][\/vc_column][vc_column width=&#8221;1\/3&#8243;][\/vc_column][\/vc_row][\/vc_section][vc_section][vc_row][vc_column][vc_empty_space][\/vc_column][\/vc_row][\/vc_section][vc_section content_placement=&#8221;middle&#8221; css=&#8221;.vc_custom_1690369729138{padding-top: 45px !important;padding-bottom: 10px !important;background-color: #e85730 !important;}&#8221;][vc_row full_width=&#8221;&#8221;][vc_column width=&#8221;1\/2&#8243;][vc_column_text] Demana&#8217;ns pressupost [\/vc_column_text][\/vc_column][vc_column width=&#8221;1\/2&#8243;][vc_column_text] [&hellip;]<\/p>\n","protected":false},"author":1,"featured_media":0,"parent":0,"menu_order":0,"comment_status":"closed","ping_status":"closed","template":"","meta":{"footnotes":""},"class_list":["post-4973","page","type-page","status-publish","hentry"],"yoast_head":"<!-- This site is optimized with the Yoast SEO plugin v27.4 - https:\/\/yoast.com\/product\/yoast-seo-wordpress\/ -->\n<title>Serveis - Madr\u00f3 Construccions<\/title>\n<meta name=\"description\" content=\"Serveis de construcci\u00f3 i remodelaci\u00f3 per a tot tipus d\u2019estructures.\" \/>\n<meta name=\"robots\" content=\"index, follow, max-snippet:-1, max-image-preview:large, max-video-preview:-1\" \/>\n<link rel=\"canonical\" href=\"https:\/\/www.madroconstruccions.com\/?page_id=4973\" \/>\n<meta property=\"og:locale\" content=\"ca_ES\" \/>\n<meta property=\"og:type\" content=\"article\" \/>\n<meta property=\"og:title\" content=\"Serveis - Madr\u00f3 Construccions\" \/>\n<meta property=\"og:description\" content=\"Serveis de construcci\u00f3 i remodelaci\u00f3 per a tot tipus d\u2019estructures.\" \/>\n<meta property=\"og:url\" content=\"https:\/\/www.madroconstruccions.com\/?page_id=4973\" \/>\n<meta property=\"og:site_name\" content=\"Madr\u00f3 Construccions\" \/>\n<meta property=\"article:modified_time\" content=\"2025-04-08T16:37:45+00:00\" \/>\n<meta name=\"twitter:card\" content=\"summary_large_image\" \/>\n<meta name=\"twitter:label1\" content=\"Temps estimat de lectura\" \/>\n\t<meta name=\"twitter:data1\" content=\"2 minuts\" \/>\n<script type=\"application\/ld+json\" class=\"yoast-schema-graph\">{\"@context\":\"https:\\\/\\\/schema.org\",\"@graph\":[{\"@type\":\"WebPage\",\"@id\":\"https:\\\/\\\/www.madroconstruccions.com\\\/?page_id=4973\",\"url\":\"https:\\\/\\\/www.madroconstruccions.com\\\/?page_id=4973\",\"name\":\"Serveis - Madr\u00f3 Construccions\",\"isPartOf\":{\"@id\":\"https:\\\/\\\/www.madroconstruccions.com\\\/#website\"},\"datePublished\":\"2023-07-27T11:12:05+00:00\",\"dateModified\":\"2025-04-08T16:37:45+00:00\",\"description\":\"Serveis de construcci\u00f3 i remodelaci\u00f3 per a tot tipus d\u2019estructures.\",\"breadcrumb\":{\"@id\":\"https:\\\/\\\/www.madroconstruccions.com\\\/?page_id=4973#breadcrumb\"},\"inLanguage\":\"ca\",\"potentialAction\":[{\"@type\":\"ReadAction\",\"target\":[\"https:\\\/\\\/www.madroconstruccions.com\\\/?page_id=4973\"]}]},{\"@type\":\"BreadcrumbList\",\"@id\":\"https:\\\/\\\/www.madroconstruccions.com\\\/?page_id=4973#breadcrumb\",\"itemListElement\":[{\"@type\":\"ListItem\",\"position\":1,\"name\":\"Portada\",\"item\":\"https:\\\/\\\/www.madroconstruccions.com\\\/\"},{\"@type\":\"ListItem\",\"position\":2,\"name\":\"Serveis\"}]},{\"@type\":\"WebSite\",\"@id\":\"https:\\\/\\\/www.madroconstruccions.com\\\/#website\",\"url\":\"https:\\\/\\\/www.madroconstruccions.com\\\/\",\"name\":\"Madr\u00f3 Construccions\",\"description\":\"Construccio Sant Feliu de Codines\",\"publisher\":{\"@id\":\"https:\\\/\\\/www.madroconstruccions.com\\\/#organization\"},\"potentialAction\":[{\"@type\":\"SearchAction\",\"target\":{\"@type\":\"EntryPoint\",\"urlTemplate\":\"https:\\\/\\\/www.madroconstruccions.com\\\/?s={search_term_string}\"},\"query-input\":{\"@type\":\"PropertyValueSpecification\",\"valueRequired\":true,\"valueName\":\"search_term_string\"}}],\"inLanguage\":\"ca\"},{\"@type\":\"Organization\",\"@id\":\"https:\\\/\\\/www.madroconstruccions.com\\\/#organization\",\"name\":\"Madr\u00f3 Construccions\",\"url\":\"https:\\\/\\\/www.madroconstruccions.com\\\/\",\"logo\":{\"@type\":\"ImageObject\",\"inLanguage\":\"ca\",\"@id\":\"https:\\\/\\\/www.madroconstruccions.com\\\/#\\\/schema\\\/logo\\\/image\\\/\",\"url\":\"https:\\\/\\\/www.madroconstruccions.com\\\/wp-content\\\/uploads\\\/2023\\\/07\\\/logotip-madro-construccions-03.png\",\"contentUrl\":\"https:\\\/\\\/www.madroconstruccions.com\\\/wp-content\\\/uploads\\\/2023\\\/07\\\/logotip-madro-construccions-03.png\",\"width\":2509,\"height\":2201,\"caption\":\"Madr\u00f3 Construccions\"},\"image\":{\"@id\":\"https:\\\/\\\/www.madroconstruccions.com\\\/#\\\/schema\\\/logo\\\/image\\\/\"}}]}<\/script>\n<!-- \/ Yoast SEO plugin. -->","yoast_head_json":{"title":"Serveis - Madr\u00f3 Construccions","description":"Serveis de construcci\u00f3 i remodelaci\u00f3 per a tot tipus d\u2019estructures.","robots":{"index":"index","follow":"follow","max-snippet":"max-snippet:-1","max-image-preview":"max-image-preview:large","max-video-preview":"max-video-preview:-1"},"canonical":"https:\/\/www.madroconstruccions.com\/?page_id=4973","og_locale":"ca_ES","og_type":"article","og_title":"Serveis - Madr\u00f3 Construccions","og_description":"Serveis de construcci\u00f3 i remodelaci\u00f3 per a tot tipus d\u2019estructures.","og_url":"https:\/\/www.madroconstruccions.com\/?page_id=4973","og_site_name":"Madr\u00f3 Construccions","article_modified_time":"2025-04-08T16:37:45+00:00","twitter_card":"summary_large_image","twitter_misc":{"Temps estimat de lectura":"2 minuts"},"schema":{"@context":"https:\/\/schema.org","@graph":[{"@type":"WebPage","@id":"https:\/\/www.madroconstruccions.com\/?page_id=4973","url":"https:\/\/www.madroconstruccions.com\/?page_id=4973","name":"Serveis - Madr\u00f3 Construccions","isPartOf":{"@id":"https:\/\/www.madroconstruccions.com\/#website"},"datePublished":"2023-07-27T11:12:05+00:00","dateModified":"2025-04-08T16:37:45+00:00","description":"Serveis de construcci\u00f3 i remodelaci\u00f3 per a tot tipus d\u2019estructures.","breadcrumb":{"@id":"https:\/\/www.madroconstruccions.com\/?page_id=4973#breadcrumb"},"inLanguage":"ca","potentialAction":[{"@type":"ReadAction","target":["https:\/\/www.madroconstruccions.com\/?page_id=4973"]}]},{"@type":"BreadcrumbList","@id":"https:\/\/www.madroconstruccions.com\/?page_id=4973#breadcrumb","itemListElement":[{"@type":"ListItem","position":1,"name":"Portada","item":"https:\/\/www.madroconstruccions.com\/"},{"@type":"ListItem","position":2,"name":"Serveis"}]},{"@type":"WebSite","@id":"https:\/\/www.madroconstruccions.com\/#website","url":"https:\/\/www.madroconstruccions.com\/","name":"Madr\u00f3 Construccions","description":"Construccio Sant Feliu de Codines","publisher":{"@id":"https:\/\/www.madroconstruccions.com\/#organization"},"potentialAction":[{"@type":"SearchAction","target":{"@type":"EntryPoint","urlTemplate":"https:\/\/www.madroconstruccions.com\/?s={search_term_string}"},"query-input":{"@type":"PropertyValueSpecification","valueRequired":true,"valueName":"search_term_string"}}],"inLanguage":"ca"},{"@type":"Organization","@id":"https:\/\/www.madroconstruccions.com\/#organization","name":"Madr\u00f3 Construccions","url":"https:\/\/www.madroconstruccions.com\/","logo":{"@type":"ImageObject","inLanguage":"ca","@id":"https:\/\/www.madroconstruccions.com\/#\/schema\/logo\/image\/","url":"https:\/\/www.madroconstruccions.com\/wp-content\/uploads\/2023\/07\/logotip-madro-construccions-03.png","contentUrl":"https:\/\/www.madroconstruccions.com\/wp-content\/uploads\/2023\/07\/logotip-madro-construccions-03.png","width":2509,"height":2201,"caption":"Madr\u00f3 Construccions"},"image":{"@id":"https:\/\/www.madroconstruccions.com\/#\/schema\/logo\/image\/"}}]}},"_links":{"self":[{"href":"https:\/\/www.madroconstruccions.com\/index.php?rest_route=\/wp\/v2\/pages\/4973","targetHints":{"allow":["GET"]}}],"collection":[{"href":"https:\/\/www.madroconstruccions.com\/index.php?rest_route=\/wp\/v2\/pages"}],"about":[{"href":"https:\/\/www.madroconstruccions.com\/index.php?rest_route=\/wp\/v2\/types\/page"}],"author":[{"embeddable":true,"href":"https:\/\/www.madroconstruccions.com\/index.php?rest_route=\/wp\/v2\/users\/1"}],"replies":[{"embeddable":true,"href":"https:\/\/www.madroconstruccions.com\/index.php?rest_route=%2Fwp%2Fv2%2Fcomments&post=4973"}],"version-history":[{"count":18,"href":"https:\/\/www.madroconstruccions.com\/index.php?rest_route=\/wp\/v2\/pages\/4973\/revisions"}],"predecessor-version":[{"id":5147,"href":"https:\/\/www.madroconstruccions.com\/index.php?rest_route=\/wp\/v2\/pages\/4973\/revisions\/5147"}],"wp:attachment":[{"href":"https:\/\/www.madroconstruccions.com\/index.php?rest_route=%2Fwp%2Fv2%2Fmedia&parent=4973"}],"curies":[{"name":"wp","href":"https:\/\/api.w.org\/{rel}","templated":true}]}}